e factors of 7022?
2, 3511
List the prime factors of 12363.
3, 13, 317
List the prime factors of 47303.
47303
What are the prime factors of 3045?
3, 5, 7, 29
What are the prime factors of 973?
7, 139
What are the prime factors of 4386?
2, 3, 17, 43
List the prime factors of 991.
991
What are the prime factors of 20261?
20261
What are the prime factors of 759?
3, 11, 23
List the prime factors of 3775.
5, 151
What are the prime factors of 6539?
13, 503
What are the prime factors of 3516?
2, 3, 293
What are the prime factors of 14567?
7, 2081
List the prime factors of 25706.
2, 12853
List the prime factors of 145658.
2, 67, 1087
List the prime factors of 74690.
2, 5, 7, 11, 97
List the prime factors of 1765.
5, 353
What are the prime factors of 553?
7, 79
List the prime factors of 45370.
2, 5, 13, 349
What are the prime factors of 4217?
4217
List the prime factors of 85375.
5, 683
What are the prime factors of 28233?
3, 3137
What are the prime factors of 1817?
23, 79
List the prime factors of 10290.
2, 3, 5, 7
List the prime factors of 3482.
2, 1741
List the prime factors of 4817.
4817
What are the prime factors of 5243?
7, 107
List the prime factors of 15866.
2, 7933
What are the prime factors of 7030?
2, 5, 19, 37
What are the prime factors of 802?
2, 401
What are the prime factors of 2677?
2677
List the prime factors of 1485.
3, 5, 11
What are the prime factors of 21810?
2, 3, 5, 727
List the prime factors of 34249.
29, 1181
What are the prime factors of 2588?
2, 647
What are the prime factors of 1991?
11, 181
List the prime factors of 12159.
3, 7, 193
What are the prime factors of 17795?
5, 3559
List the prime factors of 1392.
2, 3, 29
What are the prime factors of 9944?
2, 11, 113
List the prime factors of 3432.
2, 3, 11, 13
List the prime factors of 95.
5, 19
List the prime factors of 15885.
3, 5, 353
List the prime factors of 685.
5, 137
List the prime factors of 6932.
2, 1733
What are the prime factors of 177729?
3, 59243
What are the prime factors of 70141?
70141
What are the prime factors of 2096?
2, 131
List the prime factors of 20586.
2, 3, 47, 73
List the prime factors of 50513.
50513
List the prime factors of 1407.
3, 7, 67
List the prime factors of 30310.
2, 5, 7, 433
What are the prime factors of 5040?
2, 3, 5, 7
What are the prime factors of 22963?
22963
List the prime factors of 1503.
3, 167
What are the prime factors of 1099?
7, 157
What are the prime factors of 91?
7, 13
List the prime factors of 4114.
2, 11, 17
List the prime factors of 21239.
67, 317
List the prime factors of 3703.
7, 23
List the prime factors of 983.
983
What are the prime factors of 743?
743
List the prime factors of 6577.
6577
List the prime factors of 4355.
5, 13, 67
List the prime factors of 1346.
2, 673
List the prime factors of 958.
2, 479
List the prime factors of 5989.
53, 113
List the prime factors of 156717.
3, 11, 1583
What are the prime factors of 3099?
3, 1033
List the prime factors of 398.
2, 199
What are the prime factors of 6481?
6481
List the prime factors of 3966.
2, 3, 661
List the prime factors of 15929.
17, 937
What are the prime factors of 41953?
41953
List the prime factors of 3722.
2, 1861
List the prime factors of 11453.
13, 881
What are the prime factors of 1534?
2, 13, 59
List the prime factors of 837.
3, 31
List the prime factors of 2463.
3, 821
List the prime factors of 13216.
2, 7, 59
What are the prime factors of 1493?
1493
List the prime factors of 2136.
2, 3, 89
List the prime factors of 2655.
3, 5, 59
List the prime factors of 39011.
7, 5573
What are the prime factors of 12429?
3, 1381
List the prime factors of 46152.
2, 3, 641
List the prime factors of 1102.
2, 19, 29
What are the prime factors of 135?
3, 5
List the prime factors of 114.
2, 3, 19
What are the prime factors of 69172?
2, 17293
List the prime factors of 66578.
2, 33289
List the prime factors of 3555.
3, 5, 79
What are the prime factors of 1856?
2, 29
List the prime factors of 3101.
7, 443
List the prime factors of 9584.
2, 599
What are the prime factors of 9881?
41, 241
What are the prime factors of 1054?
2, 17, 31
List the prime factors of 20317.
11, 1847
What are the prime factors of 1543?
1543
What are the prime factors of 62285?
5, 12457
What are the prime factors of 22883?
7, 467
What are the prime factors of 63857?
63857
What are the prime factors of 1542?
2, 3, 257
What are the prime factors of 9161?
9161
List the prime factors of 179.
179
List the prime factors of 1844.
2, 461
What are the prime factors of 952?
2, 7, 17
List the prime factors of 5503.
5503
What are the prime factors of 17637?
3, 5879
List the prime factors of 13788.
2, 3, 383
List the prime factors of 4087.
61, 67
What are the prime factors of 104661?
3, 29, 401
What are the prime factors of 3253?
3253
What are the prime factors of 11680?
2, 5, 73
List the prime factors of 135593.
135593
What are the prime factors of 4427?
19, 233
What are the prime factors of 617?
617
List the prime factors of 894.
2, 3, 149
List the prime factors of 4867.
31, 157
List the prime factors of 3956.
2, 23, 43
What are the prime factors of 2821?
7, 13, 31
List the prime factors of 33770.
2, 5, 11, 307
List the prime factors of 94926.
2, 3, 13, 1217
What are the prime factors of 685?
5, 137
List the prime factors of 4061.
31, 131
List the prime factors of 49954.
2, 24977
List the prime factors of 29984.
2, 937
List the prime factors of 8701.
7, 11, 113
What are the prime factors of 57916?
2, 14479
What are the prime factors of 8257?
23, 359
What are the prime factors of 20680?
2, 5, 11, 47
What are the prime factors of 16157?
107, 151
What are the prime factors of 2550?
2, 3, 5, 17
What are the prime factors of 40138?
2, 7, 47, 61
List the prime factors of 3060.
2, 3, 5, 17
List the prime factors of 6051.
3, 2017
What are the prime factors of 64055?
5, 23, 557
What are the prime factors of 12521?
19, 659
List the prime factors of 147685.
5, 29537
List the prime factors of 2366.
2, 7, 13
What are the prime factors of 1955?
5, 17, 23
List the prime factors of 3538.
2, 29, 61
List the prime factors of 1938.
2, 3, 17, 19
List the prime factors of 3387.
3, 1129
List the prime factors of 278.
2, 139
What are the prime factors of 7352?
2, 919
List the prime factors of 247.
13, 19
What are the prime factors of 22321?
13, 17, 101
What are the prime factors of 2136?
2, 3, 89
What are the prime factors of 115499?
115499
What are the prime factors of 2817?
3, 313
List the prime factors of 18782.
2, 9391
What are the prime factors of 71596?
2, 7, 2557
What are the prime factors of 16704?
2, 3, 29
List the prime factors of 1428.
2, 3, 7, 17
What are the prime factors of 2980?
2, 5, 149
List the prime factors of 5667.
3, 1889
List the prime factors of 1234.
2, 617
What are the prime factors of 300?
2, 3, 5
What are the prime factors of 8863?
8863
List the prime factors of 7184.
2, 449
List the prime factors of 2630.
2, 5, 263
List the prime factors of 134890.
2, 5, 7, 41, 47
What are the prime factors of 13079?
11, 29, 41
What are the prime factors of 87492?
2, 3, 23, 317
List the prime factors of 64013.
64013
List the prime factors of 27169.
101, 269
List the prime factors of 139374.
2, 3, 29, 89
What are the prime factors of 143174?
2, 17, 4211
List the prime factors of 2636.
2, 659
List the prime factors of 544.
2, 17
What are the prime factors of 3735?
3, 5, 83
List the prime factors of 33079.
19, 1741
List the prime factors of 10412.
2, 19, 137
List the prime factors of 23184.
2, 3, 7, 23
What are the prime factors of 243?
3
List the prime factors of 9918.
2, 3, 19, 29
List the prime factors of 2194.
2, 1097
List the prime factors of 2042.
2, 1021
What are the prime factors of 138?
2, 3, 23
What are the prime factors of 195?
3, 5, 13
What are the prime factors of 1086?
2, 3, 181
List the prime factors of 897.
3, 13, 23
List the prime factors of 6613.
17, 389
What are the prime factors of 372?
2, 3, 31
What are the prime factors of 7479?
3, 277
List the prime factors of 26405.
5, 5281
What are the prime factors of 1366?
2, 683
What are the prime factors of 116352?
2, 3, 101
What are the prime factors of 1272?
2, 3, 53
What are the prime factors of 4189?
59, 71
What are the prime factors of 990?
2, 3, 5, 11
What 